{"id":33,"date":"2018-11-19T17:08:14","date_gmt":"2018-11-19T16:08:14","guid":{"rendered":"http:\/\/www.wordpress.apothekeinrath.de\/?page_id=33"},"modified":"2024-08-01T16:17:29","modified_gmt":"2024-08-01T14:17:29","slug":"pharmazeutische-betreuung","status":"publish","type":"page","link":"https:\/\/www.apothekeinrath.de\/start\/pharmazeutische-betreuung\/","title":{"rendered":"Pharma&shy;zeutische Betreuung"},"content":{"rendered":"\n<h2 class=\"wp-block-heading\">Pharmazeutische Betreuung<\/h2>\n\n\n\n<p>Als die Apotheke Ihres Vertrauens wollen wir Sie noch effektiver  betreuen und Ihnen wichtige Dienstleistungen pers\u00f6nlich anbieten.  Schreiben Sie sich deshalb bei Ihrer Apotheke in Rath ein. Wir werden  damit zu <strong>Ihrer HAUSAPOTHEKE<\/strong> und k\u00f6nnen Ihre Arzneimittel-Therapie dadurch deutlich verbessern: <\/p>\n\n\n\n<div style=\"height:20px\" aria-hidden=\"true\" class=\"wp-block-spacer\"><\/div>\n\n\n\n<div class=\"wp-block-columns is-layout-flex wp-container-core-columns-is-layout-1 wp-block-columns-is-layout-flex\">\n<div class=\"wp-block-column is-layout-flow wp-block-column-is-layout-flow\" style=\"flex-basis:14.06%\"><\/div>\n\n\n\n<div class=\"wp-block-column is-layout-flow wp-block-column-is-layout-flow\" style=\"flex-basis:70.94%\">\n<p class=\"has-black-color has-text-color has-background\" style=\"background-color:#b6cc41\"><strong>1. Arzneimittel-Check: <\/strong><br>Mit Hilfe unserer speziellen Datenverarbeitung und unserem speziell ausgebildeten Personal \u00fcberpr\u00fcfen wir Ihre Medikation und \u00fcberwachen die Einnahme. Dadurch vermeiden Sie unn\u00f6tige Nebenwirkungen und Doppelverordnungen. Wechselwirkungen werden sofort angezeigt.<\/p>\n\n\n\n<p class=\"has-black-color has-text-color has-background\" style=\"background-color:#b9b9b9\"><strong>2. Arzt &#8211; Patient &#8211; Apotheke:<\/strong><br> Wir definieren dieses besondere Dreiecksverh\u00e4ltnis neu und nehmen bei  allen Problemen sofort Kontakt zu Ihrem Hausarzt auf. So ist auch er  immer \u00fcber alle Ma\u00dfnahmen informiert. Sie erhalten bei uns einen  pers\u00f6nlichen Betreuer Ihrer Wahl, der Ihnen zu jeder Zeit f\u00fcr Fragen zur  Verf\u00fcgung steht.  <\/p>\n\n\n\n<p class=\"has-black-color has-text-color has-background\" style=\"background-color:#b6cc41\"><strong>3. Zus\u00e4tzliche Leistungen: <\/strong><br> Wir kl\u00e4ren Sie \u00fcber zus\u00e4tzliche M\u00f6glichkeiten wie Ern\u00e4hrungsma\u00dfnahmen, Bewegungsangebote und Selbsthilfegruppen auf. Auch k\u00f6nnen wir Ihre Selbstmedikation besser abstimmen und so effektiver gestalten.<\/p>\n\n\n\n<p class=\"has-black-color has-text-color has-background\" style=\"background-color:#bebebe\"><strong>4. So k\u00f6nnen Sie sparen: <\/strong><br> Sie vermeiden unn\u00f6tige Zuzahlungen f\u00fcr nicht notwendige Medikamente und sparen Geld durch verbesserte Selbstmedikation. Sparen Sie dar\u00fcber hinaus zus\u00e4tzlich mit unserer <a href=\"https:\/\/www.apothekeinrath.de\/start\/kundenkarte\/\">GesundheitsCard Plus<\/a> &#8211; diese erhalten Sie direkt bei uns in der Apotheke. Dieser Service ist f\u00fcr Sie selbstverst\u00e4ndlich kostenlos.<\/p>\n<\/div>\n\n\n\n<div class=\"wp-block-column is-layout-flow wp-block-column-is-layout-flow\" style=\"flex-basis:15%\"><\/div>\n<\/div>\n","protected":false},"excerpt":{"rendered":"<p>Pharmazeutische Betreuung Als die Apotheke Ihres Vertrauens wollen wir Sie noch effektiver betreuen und Ihnen wichtige Dienstleistungen pers\u00f6nlich anbieten. Schreiben Sie sich deshalb bei Ihrer Apotheke in Rath ein. Wir werden damit zu Ihrer HAUSAPOTHEKE und k\u00f6nnen Ihre Arzneimittel-Therapie dadurch deutlich verbessern: 1. Arzneimittel-Check: Mit Hilfe unserer speziellen Datenverarbeitung und unserem speziell ausgebildeten Personal \u00fcberpr\u00fcfen [&hellip;]<\/p>\n","protected":false},"author":2,"featured_media":0,"parent":0,"menu_order":0,"comment_status":"closed","ping_status":"closed","template":"","meta":{"footnotes":""},"yoast_head":"<!-- This site is optimized with the Yoast SEO plugin v22.9 - https:\/\/yoast.com\/wordpress\/plugins\/seo\/ -->\n<title>Pharma&shy;zeutische Betreuung - Apotheke in Rath<\/title>\n<meta name=\"robots\" content=\"index, follow, max-snippet:-1, max-image-preview:large, max-video-preview:-1\" \/>\n<link rel=\"canonical\" href=\"https:\/\/www.apothekeinrath.de\/start\/pharmazeutische-betreuung\/\" \/>\n<meta property=\"og:locale\" content=\"de_DE\" \/>\n<meta property=\"og:type\" content=\"article\" \/>\n<meta property=\"og:title\" content=\"Pharma&shy;zeutische Betreuung - Apotheke in Rath\" \/>\n<meta property=\"og:description\" content=\"Pharmazeutische Betreuung Als die Apotheke Ihres Vertrauens wollen wir Sie noch effektiver betreuen und Ihnen wichtige Dienstleistungen pers\u00f6nlich anbieten. Schreiben Sie sich deshalb bei Ihrer Apotheke in Rath ein. Wir werden damit zu Ihrer HAUSAPOTHEKE und k\u00f6nnen Ihre Arzneimittel-Therapie dadurch deutlich verbessern: 1. Arzneimittel-Check: Mit Hilfe unserer speziellen Datenverarbeitung und unserem speziell ausgebildeten Personal \u00fcberpr\u00fcfen [&hellip;]\" \/>\n<meta property=\"og:url\" content=\"https:\/\/www.apothekeinrath.de\/start\/pharmazeutische-betreuung\/\" \/>\n<meta property=\"og:site_name\" content=\"Apotheke in Rath\" \/>\n<meta property=\"article:modified_time\" content=\"2024-08-01T14:17:29+00:00\" \/>\n<meta name=\"twitter:card\" content=\"summary_large_image\" \/>\n<meta name=\"twitter:label1\" content=\"Gesch\u00e4tzte Lesezeit\" \/>\n\t<meta name=\"twitter:data1\" content=\"2\u00a0Minuten\" \/>\n<script type=\"application\/ld+json\" class=\"yoast-schema-graph\">{\"@context\":\"https:\/\/schema.org\",\"@graph\":[{\"@type\":\"WebPage\",\"@id\":\"https:\/\/www.apothekeinrath.de\/start\/pharmazeutische-betreuung\/\",\"url\":\"https:\/\/www.apothekeinrath.de\/start\/pharmazeutische-betreuung\/\",\"name\":\"Pharma&shy;zeutische Betreuung - Apotheke in Rath\",\"isPartOf\":{\"@id\":\"https:\/\/www.apothekeinrath.de\/start\/#website\"},\"datePublished\":\"2018-11-19T16:08:14+00:00\",\"dateModified\":\"2024-08-01T14:17:29+00:00\",\"breadcrumb\":{\"@id\":\"https:\/\/www.apothekeinrath.de\/start\/pharmazeutische-betreuung\/#breadcrumb\"},\"inLanguage\":\"de\",\"potentialAction\":[{\"@type\":\"ReadAction\",\"target\":[\"https:\/\/www.apothekeinrath.de\/start\/pharmazeutische-betreuung\/\"]}]},{\"@type\":\"BreadcrumbList\",\"@id\":\"https:\/\/www.apothekeinrath.de\/start\/pharmazeutische-betreuung\/#breadcrumb\",\"itemListElement\":[{\"@type\":\"ListItem\",\"position\":1,\"name\":\"Startseite\",\"item\":\"https:\/\/www.apothekeinrath.de\/start\/\"},{\"@type\":\"ListItem\",\"position\":2,\"name\":\"Pharma&shy;zeutische Betreuung\"}]},{\"@type\":\"WebSite\",\"@id\":\"https:\/\/www.apothekeinrath.de\/start\/#website\",\"url\":\"https:\/\/www.apothekeinrath.de\/start\/\",\"name\":\"Apotheke in Rath\",\"description\":\"\",\"publisher\":{\"@id\":\"https:\/\/www.apothekeinrath.de\/start\/#organization\"},\"potentialAction\":[{\"@type\":\"SearchAction\",\"target\":{\"@type\":\"EntryPoint\",\"urlTemplate\":\"https:\/\/www.apothekeinrath.de\/start\/?s={search_term_string}\"},\"query-input\":\"required name=search_term_string\"}],\"inLanguage\":\"de\"},{\"@type\":\"Organization\",\"@id\":\"https:\/\/www.apothekeinrath.de\/start\/#organization\",\"name\":\"Apotheke in Rath\",\"url\":\"https:\/\/www.apothekeinrath.de\/start\/\",\"logo\":{\"@type\":\"ImageObject\",\"inLanguage\":\"de\",\"@id\":\"https:\/\/www.apothekeinrath.de\/start\/#\/schema\/logo\/image\/\",\"url\":\"https:\/\/www.apothekeinrath.de\/wp-content\/uploads\/2020\/03\/Apotheke-in-Rath-LOGO.png\",\"contentUrl\":\"https:\/\/www.apothekeinrath.de\/wp-content\/uploads\/2020\/03\/Apotheke-in-Rath-LOGO.png\",\"width\":650,\"height\":231,\"caption\":\"Apotheke in Rath\"},\"image\":{\"@id\":\"https:\/\/www.apothekeinrath.de\/start\/#\/schema\/logo\/image\/\"}}]}<\/script>\n<!-- \/ Yoast SEO plugin. -->","yoast_head_json":{"title":"Pharma&shy;zeutische Betreuung - Apotheke in Rath","robots":{"index":"index","follow":"follow","max-snippet":"max-snippet:-1","max-image-preview":"max-image-preview:large","max-video-preview":"max-video-preview:-1"},"canonical":"https:\/\/www.apothekeinrath.de\/start\/pharmazeutische-betreuung\/","og_locale":"de_DE","og_type":"article","og_title":"Pharma&shy;zeutische Betreuung - Apotheke in Rath","og_description":"Pharmazeutische Betreuung Als die Apotheke Ihres Vertrauens wollen wir Sie noch effektiver betreuen und Ihnen wichtige Dienstleistungen pers\u00f6nlich anbieten. Schreiben Sie sich deshalb bei Ihrer Apotheke in Rath ein. Wir werden damit zu Ihrer HAUSAPOTHEKE und k\u00f6nnen Ihre Arzneimittel-Therapie dadurch deutlich verbessern: 1. Arzneimittel-Check: Mit Hilfe unserer speziellen Datenverarbeitung und unserem speziell ausgebildeten Personal \u00fcberpr\u00fcfen [&hellip;]","og_url":"https:\/\/www.apothekeinrath.de\/start\/pharmazeutische-betreuung\/","og_site_name":"Apotheke in Rath","article_modified_time":"2024-08-01T14:17:29+00:00","twitter_card":"summary_large_image","twitter_misc":{"Gesch\u00e4tzte Lesezeit":"2\u00a0Minuten"},"schema":{"@context":"https:\/\/schema.org","@graph":[{"@type":"WebPage","@id":"https:\/\/www.apothekeinrath.de\/start\/pharmazeutische-betreuung\/","url":"https:\/\/www.apothekeinrath.de\/start\/pharmazeutische-betreuung\/","name":"Pharma&shy;zeutische Betreuung - Apotheke in Rath","isPartOf":{"@id":"https:\/\/www.apothekeinrath.de\/start\/#website"},"datePublished":"2018-11-19T16:08:14+00:00","dateModified":"2024-08-01T14:17:29+00:00","breadcrumb":{"@id":"https:\/\/www.apothekeinrath.de\/start\/pharmazeutische-betreuung\/#breadcrumb"},"inLanguage":"de","potentialAction":[{"@type":"ReadAction","target":["https:\/\/www.apothekeinrath.de\/start\/pharmazeutische-betreuung\/"]}]},{"@type":"BreadcrumbList","@id":"https:\/\/www.apothekeinrath.de\/start\/pharmazeutische-betreuung\/#breadcrumb","itemListElement":[{"@type":"ListItem","position":1,"name":"Startseite","item":"https:\/\/www.apothekeinrath.de\/start\/"},{"@type":"ListItem","position":2,"name":"Pharma&shy;zeutische Betreuung"}]},{"@type":"WebSite","@id":"https:\/\/www.apothekeinrath.de\/start\/#website","url":"https:\/\/www.apothekeinrath.de\/start\/","name":"Apotheke in Rath","description":"","publisher":{"@id":"https:\/\/www.apothekeinrath.de\/start\/#organization"},"potentialAction":[{"@type":"SearchAction","target":{"@type":"EntryPoint","urlTemplate":"https:\/\/www.apothekeinrath.de\/start\/?s={search_term_string}"},"query-input":"required name=search_term_string"}],"inLanguage":"de"},{"@type":"Organization","@id":"https:\/\/www.apothekeinrath.de\/start\/#organization","name":"Apotheke in Rath","url":"https:\/\/www.apothekeinrath.de\/start\/","logo":{"@type":"ImageObject","inLanguage":"de","@id":"https:\/\/www.apothekeinrath.de\/start\/#\/schema\/logo\/image\/","url":"https:\/\/www.apothekeinrath.de\/wp-content\/uploads\/2020\/03\/Apotheke-in-Rath-LOGO.png","contentUrl":"https:\/\/www.apothekeinrath.de\/wp-content\/uploads\/2020\/03\/Apotheke-in-Rath-LOGO.png","width":650,"height":231,"caption":"Apotheke in Rath"},"image":{"@id":"https:\/\/www.apothekeinrath.de\/start\/#\/schema\/logo\/image\/"}}]}},"_links":{"self":[{"href":"https:\/\/www.apothekeinrath.de\/start\/wp-json\/wp\/v2\/pages\/33"}],"collection":[{"href":"https:\/\/www.apothekeinrath.de\/start\/wp-json\/wp\/v2\/pages"}],"about":[{"href":"https:\/\/www.apothekeinrath.de\/start\/wp-json\/wp\/v2\/types\/page"}],"author":[{"embeddable":true,"href":"https:\/\/www.apothekeinrath.de\/start\/wp-json\/wp\/v2\/users\/2"}],"replies":[{"embeddable":true,"href":"https:\/\/www.apothekeinrath.de\/start\/wp-json\/wp\/v2\/comments?post=33"}],"version-history":[{"count":3,"href":"https:\/\/www.apothekeinrath.de\/start\/wp-json\/wp\/v2\/pages\/33\/revisions"}],"predecessor-version":[{"id":1309,"href":"https:\/\/www.apothekeinrath.de\/start\/wp-json\/wp\/v2\/pages\/33\/revisions\/1309"}],"wp:attachment":[{"href":"https:\/\/www.apothekeinrath.de\/start\/wp-json\/wp\/v2\/media?parent=33"}],"curies":[{"name":"wp","href":"https:\/\/api.w.org\/{rel}","templated":true}]}}