{"id":588,"date":"2020-01-10T20:06:19","date_gmt":"2020-01-10T19:06:19","guid":{"rendered":"http:\/\/www.wordpress.apothekeinrath.de\/?page_id=588"},"modified":"2024-08-01T16:01:42","modified_gmt":"2024-08-01T14:01:42","slug":"familienfreundlichkeit","status":"publish","type":"page","link":"https:\/\/www.apothekeinrath.de\/start\/familienfreundlichkeit\/","title":{"rendered":"Familien&shy;freundlichkeit"},"content":{"rendered":"\n<h2 class=\"wp-block-heading\">Familienfreundlichkeit<\/h2>\n\n\n\n<blockquote class=\"wp-block-quote is-style-large is-layout-flow wp-block-quote-is-layout-flow\">\n<p>Durch Umgang mit Kindern gesundet die Seele.<\/p>\n<cite> F.M. Dostojewski <\/cite><\/blockquote>\n\n\n\n<div style=\"height:20px\" aria-hidden=\"true\" class=\"wp-block-spacer\"><\/div>\n\n\n\n<div class=\"wp-block-media-text is-stacked-on-mobile\"><figure class=\"wp-block-media-text__media\"><img loading=\"lazy\" decoding=\"async\" width=\"1024\" height=\"683\" src=\"https:\/\/www.apothekeinrath.de\/wp-content\/uploads\/2024\/08\/kelli-mcclintock-U3SjBD72Tl0-unsplash-1024x683.jpg\" alt=\"\" class=\"wp-image-1294 size-full\" srcset=\"https:\/\/www.apothekeinrath.de\/wp-content\/uploads\/2024\/08\/kelli-mcclintock-U3SjBD72Tl0-unsplash-1024x683.jpg 1024w, https:\/\/www.apothekeinrath.de\/wp-content\/uploads\/2024\/08\/kelli-mcclintock-U3SjBD72Tl0-unsplash-300x200.jpg 300w, https:\/\/www.apothekeinrath.de\/wp-content\/uploads\/2024\/08\/kelli-mcclintock-U3SjBD72Tl0-unsplash-768x512.jpg 768w, https:\/\/www.apothekeinrath.de\/wp-content\/uploads\/2024\/08\/kelli-mcclintock-U3SjBD72Tl0-unsplash-1536x1024.jpg 1536w, https:\/\/www.apothekeinrath.de\/wp-content\/uploads\/2024\/08\/kelli-mcclintock-U3SjBD72Tl0-unsplash-2048x1365.jpg 2048w\" sizes=\"(max-width: 1024px) 100vw, 1024px\" \/><\/figure><div class=\"wp-block-media-text__content\">\n<p>Das Wohlergehen unseren neuen Erdenb\u00fcrger und nat\u00fcrlich auch deren M\u00fctter liegt uns ganz besonders am Herzen. Darum haben wir wichtige Arzneimittel und Pflegeprodukte f\u00fcr Babys sowie werdende und frische M\u00fctter immer vorr\u00e4tig in unserer \u201eBabyecke\u201c.<\/p>\n\n\n\n<p>Au\u00dferdem stellen wir ganz individuelle Rezepturen wie Kapseln oder S\u00e4fte her, da Arzneimittel f\u00fcr Babys und Kleinkinder oft nicht in entsprechend angepasster Dosierung als Fertigarzneimittel im Handel sind.<\/p>\n\n\n\n<p><\/p>\n<\/div><\/div>\n\n\n\n<div style=\"height:20px\" aria-hidden=\"true\" class=\"wp-block-spacer\"><\/div>\n\n\n\n<p>Zu unserem Serviceangebot z\u00e4hlen nat\u00fcrlich auch das Ausleihen von Babywaagen und elektrischen Milchpumpen sowie das Anmessen von Kompressionstr\u00fcmpfen und -strumpfhosen in der Schwangerschaft.<\/p>\n\n\n\n<div class=\"wp-block-button\"><a class=\"wp-block-button__link has-background wp-element-button\" href=\"http:\/\/www.apothekeinrath.de\/geraeteverleih\/\" style=\"background-color:#b6cc41\">Ger\u00e4teverleih<\/a><\/div>\n\n\n\n<div style=\"height:20px\" aria-hidden=\"true\" class=\"wp-block-spacer\"><\/div>\n\n\n\n<div class=\"wp-block-button\"><a class=\"wp-block-button__link has-background wp-element-button\" href=\"http:\/\/www.apothekeinrath.de\/kompressionsstruempfe\/\" style=\"background-color:#b6cc41\">Kompressionsstr\u00fcmpfe<\/a><\/div>\n\n\n\n<div style=\"height:20px\" aria-hidden=\"true\" class=\"wp-block-spacer\"><\/div>\n\n\n\n<p>Und wenn die Kinder langsam gr\u00f6\u00dfer werden, findet sich in der geheimen Spieleschublade immer wieder eine tolle \u00dcberraschung!<\/p>\n\n\n\n<p class=\"has-text-color has-background\" style=\"color:#ffffff;background-color:#b6cc41\"><strong>Unser Tipp:<\/strong> Kommen Sie in den ersten 4 Wochen nach der Geburt zu uns in die Apotheke und der Neuank\u00f6mmling erh\u00e4lt eine kuschlige \u00dcberraschung!<\/p>\n","protected":false},"excerpt":{"rendered":"<p>Familienfreundlichkeit Durch Umgang mit Kindern gesundet die Seele. F.M. Dostojewski Das Wohlergehen unseren neuen Erdenb\u00fcrger und nat\u00fcrlich auch deren M\u00fctter liegt uns ganz besonders am Herzen. Darum haben wir wichtige Arzneimittel und Pflegeprodukte f\u00fcr Babys sowie werdende und frische M\u00fctter immer vorr\u00e4tig in unserer \u201eBabyecke\u201c. Au\u00dferdem stellen wir ganz individuelle Rezepturen wie Kapseln oder S\u00e4fte [&hellip;]<\/p>\n","protected":false},"author":2,"featured_media":0,"parent":0,"menu_order":0,"comment_status":"closed","ping_status":"closed","template":"","meta":{"footnotes":""},"yoast_head":"<!-- This site is optimized with the Yoast SEO plugin v22.9 - https:\/\/yoast.com\/wordpress\/plugins\/seo\/ -->\n<title>Familien&shy;freundlichkeit - Apotheke in Rath<\/title>\n<meta name=\"robots\" content=\"index, follow, max-snippet:-1, max-image-preview:large, max-video-preview:-1\" \/>\n<link rel=\"canonical\" href=\"https:\/\/www.apothekeinrath.de\/start\/familienfreundlichkeit\/\" \/>\n<meta property=\"og:locale\" content=\"de_DE\" \/>\n<meta property=\"og:type\" content=\"article\" \/>\n<meta property=\"og:title\" content=\"Familien&shy;freundlichkeit - Apotheke in Rath\" \/>\n<meta property=\"og:description\" content=\"Familienfreundlichkeit Durch Umgang mit Kindern gesundet die Seele. F.M. Dostojewski Das Wohlergehen unseren neuen Erdenb\u00fcrger und nat\u00fcrlich auch deren M\u00fctter liegt uns ganz besonders am Herzen. Darum haben wir wichtige Arzneimittel und Pflegeprodukte f\u00fcr Babys sowie werdende und frische M\u00fctter immer vorr\u00e4tig in unserer \u201eBabyecke\u201c. Au\u00dferdem stellen wir ganz individuelle Rezepturen wie Kapseln oder S\u00e4fte [&hellip;]\" \/>\n<meta property=\"og:url\" content=\"https:\/\/www.apothekeinrath.de\/start\/familienfreundlichkeit\/\" \/>\n<meta property=\"og:site_name\" content=\"Apotheke in Rath\" \/>\n<meta property=\"article:modified_time\" content=\"2024-08-01T14:01:42+00:00\" \/>\n<meta property=\"og:image\" content=\"https:\/\/www.apothekeinrath.de\/wp-content\/uploads\/2024\/08\/kelli-mcclintock-U3SjBD72Tl0-unsplash-1024x683.jpg\" \/>\n<meta name=\"twitter:card\" content=\"summary_large_image\" \/>\n<meta name=\"twitter:label1\" content=\"Gesch\u00e4tzte Lesezeit\" \/>\n\t<meta name=\"twitter:data1\" content=\"1\u00a0Minute\" \/>\n<script type=\"application\/ld+json\" class=\"yoast-schema-graph\">{\"@context\":\"https:\/\/schema.org\",\"@graph\":[{\"@type\":\"WebPage\",\"@id\":\"https:\/\/www.apothekeinrath.de\/start\/familienfreundlichkeit\/\",\"url\":\"https:\/\/www.apothekeinrath.de\/start\/familienfreundlichkeit\/\",\"name\":\"Familien&shy;freundlichkeit - Apotheke in Rath\",\"isPartOf\":{\"@id\":\"https:\/\/www.apothekeinrath.de\/start\/#website\"},\"primaryImageOfPage\":{\"@id\":\"https:\/\/www.apothekeinrath.de\/start\/familienfreundlichkeit\/#primaryimage\"},\"image\":{\"@id\":\"https:\/\/www.apothekeinrath.de\/start\/familienfreundlichkeit\/#primaryimage\"},\"thumbnailUrl\":\"https:\/\/www.apothekeinrath.de\/wp-content\/uploads\/2024\/08\/kelli-mcclintock-U3SjBD72Tl0-unsplash-1024x683.jpg\",\"datePublished\":\"2020-01-10T19:06:19+00:00\",\"dateModified\":\"2024-08-01T14:01:42+00:00\",\"breadcrumb\":{\"@id\":\"https:\/\/www.apothekeinrath.de\/start\/familienfreundlichkeit\/#breadcrumb\"},\"inLanguage\":\"de\",\"potentialAction\":[{\"@type\":\"ReadAction\",\"target\":[\"https:\/\/www.apothekeinrath.de\/start\/familienfreundlichkeit\/\"]}]},{\"@type\":\"ImageObject\",\"inLanguage\":\"de\",\"@id\":\"https:\/\/www.apothekeinrath.de\/start\/familienfreundlichkeit\/#primaryimage\",\"url\":\"https:\/\/www.apothekeinrath.de\/wp-content\/uploads\/2024\/08\/kelli-mcclintock-U3SjBD72Tl0-unsplash-1024x683.jpg\",\"contentUrl\":\"https:\/\/www.apothekeinrath.de\/wp-content\/uploads\/2024\/08\/kelli-mcclintock-U3SjBD72Tl0-unsplash-1024x683.jpg\"},{\"@type\":\"BreadcrumbList\",\"@id\":\"https:\/\/www.apothekeinrath.de\/start\/familienfreundlichkeit\/#breadcrumb\",\"itemListElement\":[{\"@type\":\"ListItem\",\"position\":1,\"name\":\"Startseite\",\"item\":\"https:\/\/www.apothekeinrath.de\/start\/\"},{\"@type\":\"ListItem\",\"position\":2,\"name\":\"Familien&shy;freundlichkeit\"}]},{\"@type\":\"WebSite\",\"@id\":\"https:\/\/www.apothekeinrath.de\/start\/#website\",\"url\":\"https:\/\/www.apothekeinrath.de\/start\/\",\"name\":\"Apotheke in Rath\",\"description\":\"\",\"publisher\":{\"@id\":\"https:\/\/www.apothekeinrath.de\/start\/#organization\"},\"potentialAction\":[{\"@type\":\"SearchAction\",\"target\":{\"@type\":\"EntryPoint\",\"urlTemplate\":\"https:\/\/www.apothekeinrath.de\/start\/?s={search_term_string}\"},\"query-input\":\"required name=search_term_string\"}],\"inLanguage\":\"de\"},{\"@type\":\"Organization\",\"@id\":\"https:\/\/www.apothekeinrath.de\/start\/#organization\",\"name\":\"Apotheke in Rath\",\"url\":\"https:\/\/www.apothekeinrath.de\/start\/\",\"logo\":{\"@type\":\"ImageObject\",\"inLanguage\":\"de\",\"@id\":\"https:\/\/www.apothekeinrath.de\/start\/#\/schema\/logo\/image\/\",\"url\":\"https:\/\/www.apothekeinrath.de\/wp-content\/uploads\/2020\/03\/Apotheke-in-Rath-LOGO.png\",\"contentUrl\":\"https:\/\/www.apothekeinrath.de\/wp-content\/uploads\/2020\/03\/Apotheke-in-Rath-LOGO.png\",\"width\":650,\"height\":231,\"caption\":\"Apotheke in Rath\"},\"image\":{\"@id\":\"https:\/\/www.apothekeinrath.de\/start\/#\/schema\/logo\/image\/\"}}]}<\/script>\n<!-- \/ Yoast SEO plugin. -->","yoast_head_json":{"title":"Familien&shy;freundlichkeit - Apotheke in Rath","robots":{"index":"index","follow":"follow","max-snippet":"max-snippet:-1","max-image-preview":"max-image-preview:large","max-video-preview":"max-video-preview:-1"},"canonical":"https:\/\/www.apothekeinrath.de\/start\/familienfreundlichkeit\/","og_locale":"de_DE","og_type":"article","og_title":"Familien&shy;freundlichkeit - Apotheke in Rath","og_description":"Familienfreundlichkeit Durch Umgang mit Kindern gesundet die Seele. F.M. Dostojewski Das Wohlergehen unseren neuen Erdenb\u00fcrger und nat\u00fcrlich auch deren M\u00fctter liegt uns ganz besonders am Herzen. Darum haben wir wichtige Arzneimittel und Pflegeprodukte f\u00fcr Babys sowie werdende und frische M\u00fctter immer vorr\u00e4tig in unserer \u201eBabyecke\u201c. Au\u00dferdem stellen wir ganz individuelle Rezepturen wie Kapseln oder S\u00e4fte [&hellip;]","og_url":"https:\/\/www.apothekeinrath.de\/start\/familienfreundlichkeit\/","og_site_name":"Apotheke in Rath","article_modified_time":"2024-08-01T14:01:42+00:00","og_image":[{"url":"https:\/\/www.apothekeinrath.de\/wp-content\/uploads\/2024\/08\/kelli-mcclintock-U3SjBD72Tl0-unsplash-1024x683.jpg"}],"twitter_card":"summary_large_image","twitter_misc":{"Gesch\u00e4tzte Lesezeit":"1\u00a0Minute"},"schema":{"@context":"https:\/\/schema.org","@graph":[{"@type":"WebPage","@id":"https:\/\/www.apothekeinrath.de\/start\/familienfreundlichkeit\/","url":"https:\/\/www.apothekeinrath.de\/start\/familienfreundlichkeit\/","name":"Familien&shy;freundlichkeit - Apotheke in Rath","isPartOf":{"@id":"https:\/\/www.apothekeinrath.de\/start\/#website"},"primaryImageOfPage":{"@id":"https:\/\/www.apothekeinrath.de\/start\/familienfreundlichkeit\/#primaryimage"},"image":{"@id":"https:\/\/www.apothekeinrath.de\/start\/familienfreundlichkeit\/#primaryimage"},"thumbnailUrl":"https:\/\/www.apothekeinrath.de\/wp-content\/uploads\/2024\/08\/kelli-mcclintock-U3SjBD72Tl0-unsplash-1024x683.jpg","datePublished":"2020-01-10T19:06:19+00:00","dateModified":"2024-08-01T14:01:42+00:00","breadcrumb":{"@id":"https:\/\/www.apothekeinrath.de\/start\/familienfreundlichkeit\/#breadcrumb"},"inLanguage":"de","potentialAction":[{"@type":"ReadAction","target":["https:\/\/www.apothekeinrath.de\/start\/familienfreundlichkeit\/"]}]},{"@type":"ImageObject","inLanguage":"de","@id":"https:\/\/www.apothekeinrath.de\/start\/familienfreundlichkeit\/#primaryimage","url":"https:\/\/www.apothekeinrath.de\/wp-content\/uploads\/2024\/08\/kelli-mcclintock-U3SjBD72Tl0-unsplash-1024x683.jpg","contentUrl":"https:\/\/www.apothekeinrath.de\/wp-content\/uploads\/2024\/08\/kelli-mcclintock-U3SjBD72Tl0-unsplash-1024x683.jpg"},{"@type":"BreadcrumbList","@id":"https:\/\/www.apothekeinrath.de\/start\/familienfreundlichkeit\/#breadcrumb","itemListElement":[{"@type":"ListItem","position":1,"name":"Startseite","item":"https:\/\/www.apothekeinrath.de\/start\/"},{"@type":"ListItem","position":2,"name":"Familien&shy;freundlichkeit"}]},{"@type":"WebSite","@id":"https:\/\/www.apothekeinrath.de\/start\/#website","url":"https:\/\/www.apothekeinrath.de\/start\/","name":"Apotheke in Rath","description":"","publisher":{"@id":"https:\/\/www.apothekeinrath.de\/start\/#organization"},"potentialAction":[{"@type":"SearchAction","target":{"@type":"EntryPoint","urlTemplate":"https:\/\/www.apothekeinrath.de\/start\/?s={search_term_string}"},"query-input":"required name=search_term_string"}],"inLanguage":"de"},{"@type":"Organization","@id":"https:\/\/www.apothekeinrath.de\/start\/#organization","name":"Apotheke in Rath","url":"https:\/\/www.apothekeinrath.de\/start\/","logo":{"@type":"ImageObject","inLanguage":"de","@id":"https:\/\/www.apothekeinrath.de\/start\/#\/schema\/logo\/image\/","url":"https:\/\/www.apothekeinrath.de\/wp-content\/uploads\/2020\/03\/Apotheke-in-Rath-LOGO.png","contentUrl":"https:\/\/www.apothekeinrath.de\/wp-content\/uploads\/2020\/03\/Apotheke-in-Rath-LOGO.png","width":650,"height":231,"caption":"Apotheke in Rath"},"image":{"@id":"https:\/\/www.apothekeinrath.de\/start\/#\/schema\/logo\/image\/"}}]}},"_links":{"self":[{"href":"https:\/\/www.apothekeinrath.de\/start\/wp-json\/wp\/v2\/pages\/588"}],"collection":[{"href":"https:\/\/www.apothekeinrath.de\/start\/wp-json\/wp\/v2\/pages"}],"about":[{"href":"https:\/\/www.apothekeinrath.de\/start\/wp-json\/wp\/v2\/types\/page"}],"author":[{"embeddable":true,"href":"https:\/\/www.apothekeinrath.de\/start\/wp-json\/wp\/v2\/users\/2"}],"replies":[{"embeddable":true,"href":"https:\/\/www.apothekeinrath.de\/start\/wp-json\/wp\/v2\/comments?post=588"}],"version-history":[{"count":5,"href":"https:\/\/www.apothekeinrath.de\/start\/wp-json\/wp\/v2\/pages\/588\/revisions"}],"predecessor-version":[{"id":1296,"href":"https:\/\/www.apothekeinrath.de\/start\/wp-json\/wp\/v2\/pages\/588\/revisions\/1296"}],"wp:attachment":[{"href":"https:\/\/www.apothekeinrath.de\/start\/wp-json\/wp\/v2\/media?parent=588"}],"curies":[{"name":"wp","href":"https:\/\/api.w.org\/{rel}","templated":true}]}}